ppose 0 = -2*c + 6*c + 5*p + 245, 5*c = -4*p - 313. Let q = -42 - c. What is the highest common divisor of q and 92?
23
Suppose -3*u + 28 = -8. Let d(j) = 4*j**2 + 2*j + 2. Let k be d(-1). Let z be (240/27*-3)/(k/(-18)). Calculate the highest common divisor of u and z.
12
Suppose -t - 4*b + 217 = -137, -2*b = 2*t - 678. Let q = 336 - t. What is the greatest common divisor of 2 and q?
2
Suppose 175 + 161 = 28*a. Suppose -t = 2*t - 18. Let j be 3/9 - (-646)/t. What is the greatest common divisor of a and j?
12
Suppose -91 + 81 = -5*t. Suppose -u - 111 = 5*s, s + 20 = -0*s + t*u. Let c be (16/(-4) - s) + -2. What is the highest common divisor of c and 112?
16
Let h(s) = -13*s + 6. Let x be h(0). Calculate the highest common factor of x and 14.
2
Suppose 13*u = 17*u. Let y be (3 + u)*1 + 86/2. Calculate the highest common factor of y and 207.
23
Let z = 30331 + -30319. Let l be (-922)/(-7) + (-2)/(-7). What is the greatest common divisor of l and z?
12
Let o = -5406 + 6542. Let k = 133 + -125. What is the highest common factor of o and k?
8
Let f be (-38)/(-209) - (-31)/11. Let p(k) = 2*k**3 + 2*k**2 + 2*k + 1. Let a be p(f). Suppose a = 5*b - 26. What is the highest common factor of b and 63?
21
Suppose 28 = t - 4*k, 5*t - k + 1 - 122 = 0. Let u be ((-27)/(-18))/(9/t). Suppose 6*d - 3 = 21. Calculate the highest common divisor of d and u.
4
Suppose 17*g - 32 = 87. Suppose -256 - 332 = -g*t. What is the highest common factor of 18 and t?
6
Suppose -29*v = -86 - 1. Suppose 68 = 9*o - 4*o + r, 2*o = v*r + 34. Let t(i) = i**2 + 3. Let p be t(-5). Calculate the greatest common factor of p and o.
14
Suppose 78 = 38*y - 35*y. Let s be 3/6*(-2 + 2) + y. Let z be (2 - (-2)/4*s) + -3. Calculate the greatest common divisor of z and 96.
12
Suppose 3*k - 21 - 39 = 0. Let l = 135 - 133. Suppose -l*z = i - 6, 0 = -4*i + 3*i + z + 12. Calculate the highest common divisor of i and k.
10
Suppose 17*p + 4*x = 16*p + 375, 0 = -3*p - 3*x + 1179. What is the greatest common divisor of p and 19?
19
Suppose 120*q + 652 - 195652 = 0. What is the greatest common factor of q and 481?
13
Let a = 51 + -46. Suppose a*c - 48 = 4*c. Suppose -4*n - c = -7*n. What is the greatest common factor of 64 and n?
16
Let y be ((-231)/44)/(-21)*6068. What is the highest common divisor of y and 296?
37
Suppose 4*x - 20 = -4*l, -4*x - x + 22 = 4*l. Suppose 9*k = 12*k - 3, -t + 210 = x*k. What is the greatest common factor of 8 and t?
8
Let i = 583 + -539. Suppose -7 - i = -3*g. Calculate the highest common divisor of 901 and g.
17
Suppose -7 = 23*q - 99. Suppose 2*i - 6*i + 597 = 5*s, -4*i - q*s = -600. Calculate the greatest common factor of 27 and i.
9
Let c be 25 - (0 + 4/2). Let h be (0/(-5))/(0 + (-6)/3). Suppose -m + 2*b = -25, -4*m - 3*b + 2 + 87 = h. Calculate the greatest common divisor of c and m.
23
Suppose -49*m + 8 = -47*m. Suppose 144 = m*w - w. Suppose 14 = 2*a - 5*x, x = -3*a - 0*x + 38. What is the highest common divisor of a and w?
12
Suppose 30 - 6 = 6*m. Let a be (m - 16/(-6)) + (-4)/6. What is the greatest common divisor of a and 30?
6
Suppose 5*a + 1228 = 4*d, -3*a - 261 = -2*d + 475. Let v = 294 + a. Calculate the highest common factor of v and 20.
10
Let n be (-1 - 9/27)*(-723)/2. Let a = n + -438. Calculate the highest common factor of a and 22.
22
Suppose 74*r + 83*r + 9484 = 15136. Suppose -3*m + 2*p - 829 = 0, 3*m = -m + 5*p - 1096. Let d = -99 - m. Calculate the greatest common divisor of r and d.
36
Let z = 8474 - 8378. Suppose -5*i - 2*h - 187 = -751, 5*h = 3*i - 326. What is the greatest common factor of i and z?
16
Let k = 373 - 380. Let q be (75/(-12))/(k/112). What is the highest common factor of 60 and q?
20
Let a be 51 + 2*(-15)/(-10). Let k(d) = -d**3 + 24*d**2 + 27*d - 48. Let s be k(25). Calculate the highest common factor of s and a.
2
Let m(x) = 9*x**3 + x**2 + 19*x - 50. Let v be m(7). Calculate the greatest common factor of 37 and v.
37
Let q(w) = 6*w - 16. Let d be q(6). Let b(g) = -10*g + 6. Let k be b(2). Let n be -14*(8/k - (-2)/(-7)). What is the greatest common factor of n and d?
4
Let d(t) = t**3 + 14*t**2 + 15*t - 14. Let m = 175 + -265. Let l be m/35*((-16)/(-6) - -2). Let v be d(l). What is the highest common factor of 47 and v?
47
Suppose 93*g = 98*g + 3025. Let w be (-11)/(g/3113) + (-4)/(-10). What is the highest common factor of w and 38?
19
Let t be 0 + (-1228)/(-22) + (-16)/(-88). Let j = 97 + 71. Calculate the greatest common divisor of t and j.
56
Let p(a) = 2*a + 4. Let d be p(7). Let l be (36 - 35)*419 + 5 + 1 + -2. Calculate the greatest common divisor of l and d.
9
Suppose -3*r + 9 = 0, 2*r - r = 3*c - 4785. What is the greatest common divisor of 60 and c?
12
Let s be 4*(-26)/(-12)*(-3)/1. Let f = -14 - s. Suppose 2*a + y - 211 = 0, -3*a - 4*y + 314 = -2*y. What is the greatest common divisor of a and f?
12
Suppose -342885 = -95*a + 514392 - 83692. What is the highest common divisor of 17 and a?
17
Let r = 25 - 16. Suppose -8*a - 40 = -72. Suppose 3*g + 3*p - 15 = 0, -3*g = p - a - 19. Calculate the greatest common factor of r and g.
9
Suppose 5*d - 2*o + 0*o - 10 = 0, -2*o - 10 = 3*d. Suppose -2*g + t = -267, -3*t - t + 12 = d. Calculate the highest common factor of g and 15.
15
Let y be 15/10*4/2. Suppose -2 = y*i - 29. Suppose 0 = -9*a + 934 + 119. Calculate the highest common factor of i and a.
9
Suppose 2*q - 6936 = j - 2082, q = 4*j + 2413. Calculate the highest common divisor of 35 and q.
7
Let u(w) = w - 2. Let x be u(5). Suppose 42 = 2*g + 3*s, 2*g - x*s = -2*g + 48. Let p be ((-6)/g)/((-8)/400). Calculate the highest common divisor of 20 and p.
20
Let f be (-282)/(-15) + 4/20. What is the highest common factor of f and 2489?
19
Let o(v) = -v**3 + 3*v**2 + 2*v - 2. Let g be o(4). Let d be ((-496)/(-10))/((-2)/g). Let k = -805 - -836. Calculate the highest common factor of k and d.
31
Let q(r) = r**3 + 2*r**2 - 5*r + 4. Let s be q(3). Let g = s - 29. Suppose -o = c + o - 60, -5*c = g*o - 285. Calculate the greatest common divisor of 9 and c.
9
Let u(d) = 11*d - 82. Let j be u(5). Let i(z) = -4*z**2 - 109*z - 7. Let t be i(j). Calculate the greatest common factor of 60 and t.
20
Let s(z) = -9*z**2 - 5*z + 325. Let o be s(0). Let f(d) = d**3 - 18*d**2 + 3*d - 29. Let p be f(18). Calculate the greatest common factor of p and o.
25
Suppose -7*h + k + 12884 = 0, -2*h + 0*h = k - 3676. Calculate the greatest common divisor of h and 1495.
115
Let w(z) = 132*z**2 - 459*z - 2706. Let i be w(-6). Calculate the greatest common divisor of 18 and i.
6
Let y be (-26)/(-4)*44544/464. What is the highest common divisor of y and 10816?
208
Let v = -1151 - -1207. What is the greatest common factor of 553 and v?
7
Suppose -x + 2*f + 251 = 0, 2*x - 501 = -22*f + 27*f. What is the greatest common factor of 989 and x?
23
Suppose -236*f + 1121 = -217*f. Let q be (-1 - -3)/(-2) - -66. Let d = q - f. What is the highest common factor of d and 10?
2
Suppose 801 + 525 = 78*q. Calculate the greatest common factor of q and 221.
17
Let p(f) = 9*f**2 - 80*f - 294. Let d be p(19). Calculate the highest common divisor of 1330 and d.
35
Let s(b) = 14*b**2 - 73*b + 20. Let r be s(-11). Suppose 12*g = r - 885. Calculate the highest common divisor of g and 34.
34
Let s(z) = z**3 + 8*z**2 + 5*z + 1. Let v be s(-4). Let l be 166/(-996) - 1622/(-12). What is the highest common factor of l and v?
45
Let x be (-21)/(-6)*72/(-42) + 950. What is the highest common factor of x and 177?
59
Suppose -3*k - 3*d = 3, 5*k - 5*d + 7*d = 7. Suppose 3*g - 876 = -j, -4*g = j + k*j - 3528. What is the greatest common divisor of 15 and j?
15
Suppose 0 = 324*z - 328*z + 124. Calculate the greatest common factor of 9 and z.
1
Let g be (-72)/(-120) + (-132)/(-5)*1. Suppose -b + 4*x + g = 8, -x - 24 = -3*b. Let f be 75 - 2*(-1 + 0). Calculate the highest common divisor of b and f.
7
Let c(o) = -11*o - 2. Suppose -4*h = 5*v - 100, 3*h - 16 = -4*v + 60. Let t = h + -21. Let p be c(t). What is the highest common divisor of p and 1?
1
Suppose 115901 + 303427 = 39*j + 129*j. What is the greatest common divisor of j and 2652?
156
Let v be 2 + ((-12565)/(-15) - 4/(-12)). Suppose -82*g + 62*g + v = 0. Suppose 3*c + 42 = 6*c. Calculate the greatest common divisor of c and g.
14
Sup